1 - 53 = 13*a. Let x(c) = c + 9. Calculate x(a).
1
Suppose a + 2*s = 3*s - 3, -12 = a - 4*s. Let o(b) = 3*b**2 + b + a*b**2 - 2*b**2 + b. Let j(r) = -r**3 - 10*r**2 - 17*r - 10. Let t be j(-8). What is o(t)?
0
Let l(s) = s**2 - 6*s + 3. Let n(b) = -b + 3. Let p be n(3). Let h = 0 + p. Suppose z + k + 3 = 5, -4*z + 2*k + 32 = h. What is l(z)?
3
Let r(p) = -5 + 6*p + 5 - p. Let f be r(1). Let b(n) be the third derivative of n**6/120 - n**5/15 - 5*n**4/24 + n**3/6 - 2*n**2. Determine b(f).
1
Suppose 12*l + 92 = 8. Let g(y) = -y**3 - 8*y**2 + y + 6. What is g(l)?
-50
Suppose -41*o = -57*o - 112. Let q(v) = -v**2 - 8*v - 1. Calculate q(o).
6
Let b(j) = 9*j + 17 - 13 - 1. What is b(3)?
30
Let a(r) = -r**2 + 5*r - 5. Suppose -4*k - 8 = 8. Let i = -11 - k. Let d(s) = s**2 + 6*s - 2. Let c be d(i). Give a(c).
-5
Let q(p) be the third derivative of -p**5/60 + p**4/4 + p**3/6 + 2*p**2 + 14*p. Determine q(6).
1
Suppose -2*p - 9*q + 13*q = -26, -5*p = q - 10. Let f(z) = -5*z + 11. Determine f(p).
-4
Let i(n) = -n**2 - 6*n + 8. Suppose 3*x - 10 - 2 = 0. Suppose -4*t - 1 = v + 5, 0 = 2*t + 5*v - 6. Let h = t - x. Calculate i(h).
8
Let i(p) = p - 13. Let u be (-231)/(-27) - (-8)/18. What is i(u)?
-4
Let w(h) = -5*h - 16. Let f(l) = -2*l + 33. Let t be f(18). What is w(t)?
-1
Let x(k) be the third derivative of -k**5/60 - k**4/8 - k**3/3 + 5*k**2. Let y be (46/(-2) - -3)*1. Let n be -1*12/y*-5. Determine x(n).
-2
Let n(x) be the first derivative of -x**2/2 - 128. Calculate n(10).
-10
Let t(f) = 11*f**2 - 5*f. Let m(r) = -8*r**2 + 4*r. Let q(g) = -7*m(g) - 5*t(g). Calculate q(6).
18
Suppose r - u - 1 = 0, -4 = -r - 3*r + 5*u. Suppose -2*n - r = -23. Let w(j) = -n + 7*j + 11. What is w(2)?
14
Let r = -2/2469 - -2473/4938. Let p(z) be the first derivative of -6*z + 6 + r*z**2. Calculate p(7).
1
Let u(s) = -s**3 + s**2 + 2*s + 6. Let a be u(3). Let l(h) = 3*h + 14. Let i be l(a). Let m(z) = -z**3 - 4*z**2 + 4*z + 6. Calculate m(i).
-10
Let z(v) = v**2 + 1. Let k be 3/((-10)/(-4) + -1). Suppose -2*n - 12 = -n + k*u, -3*u = -2*n - 24. Let a = 11 + n. Calculate z(a).
2
Let v be 7/1*(-14)/(-49). Let w(m) = 8*m + 1. Let b(c) = 32*c + 5. Let i(o) = 2*b(o) - 9*w(o). Give i(v).
-15
Suppose -61*l = 333 + 216. Let x(w) = -3*w - 21. What is x(l)?
6
Let h(w) = -228*w + 119*w + 114*w. Determine h(-1).
-5
Suppose -192 = -30*p + 62*p. Let a(o) = -o**3 - 5*o**2 + 5*o + 9. Calculate a(p).
15
Let j(q) be the third derivative of -q**4/24 + q**3/6 - 26*q**2 - 14. Determine j(-8).
9
Let k be 6/(-2)*(-4)/(-3). Let s(f) be the third derivative of 0*f + 1/20*f**5 - 5/24*f**4 - 5/6*f**3 + 0 + 1/120*f**6 - 10*f**2. Determine s(k).
-1
Let l(y) be the second derivative of y**4/24 - 4*y**3/3 + 35*y**2/2 + 39*y. Let o(m) be the first derivative of l(m). What is o(6)?
-2
Let h(m) = m**3 + 6*m**2 + 7*m - 5. Let z be h(-4). Let d(v) = -13*v**2 + 8*v + 5. Let u(j) = -4*j**2 + 3*j + 2. Let w(a) = -3*d(a) + 8*u(a). Determine w(z).
8
Let u be (-72)/(-20) + 2 + 4/10. Suppose -2*l + 6 = 0, -48 = 3*n - 8*n - l. Let h(w) = -5*w - u*w**2 - w - 4 + 4*w**2 + n. What is h(-5)?
-15
Suppose -75 = -27*a + 22*a. Suppose 0 = 3*g + 2*m + a, -2*g = -5*g + m - 6. Let n(j) = 2*j + 1. Calculate n(g).
-5
Let q = 428 + -434. Let l(x) = -x**2 - x - 6. Give l(q).
-36
Let k = 63 + -70. Let u(o) = -o**3 - 9*o**2 - 12*o + 17. Calculate u(k).
3
Let j(k) = -k**2 + 4*k - 4. Suppose -4*g + 3*y = 13, 4*g + 3*y = 4*y - 7. Let c be g - (-5)/(25/20). Determine j(c).
-1
Let u(s) be the third derivative of -1/2*s**3 + 13/24*s**4 + 0*s + 0 + 5*s**2. Let r(t) = 6*t - 1. Let p(k) = 5*r(k) - 2*u(k). Calculate p(-2).
-7
Let k(s) = -3*s**2 - 26*s + 26. Suppose i + 3 = -3. Let m(j) = -j**2 - 9*j + 9. Let a(f) = i*k(f) + 17*m(f). Determine a(2).
7
Let h(v) = v - 2. Suppose -3*z + 6*z = -39. Let s = 15 + z. Let n be s + (16/(-1))/(-4). Give h(n).
4
Let n(x) = -5*x**2 + 1. Let w be 4 + (-1)/(-2)*-6. Let b be n(w). Let d(t) = 6*t - 2. Let o(f) = 5*f - 2. Let c(v) = b*d(v) + 5*o(v). What is c(6)?
4
Let a = 7 - 1. Let g(q) = -1 + 4*q + 3*q - a*q. Let c(j) = -2*j + 2. Let t(w) = -c(w) - g(w). Calculate t(6).
5
Let i(a) = a**2 + 84 + 82 - 13*a + 83 - 239. Calculate i(13).
10
Let n(i) = i**2 + 2*i - 2. Let c(h) = -3*h**2 + 19*h - 3. Suppose -b = 1 - 7. Let k be c(b). What is n(k)?
13
Let g(w) = w**3 - w - 6. Let f be g(0). Let c(q) = -q**3 - 7*q**2 - 8*q - 3. Calculate c(f).
9
Let t(w) = -w**3 - w + 1. Let v(l) = -2*l**3 + 7*l**2 + l - 1. Let j(d) = 3*t(d) - v(d). Let m(y) = -y**3 + y**2 + 3*y + 3. Let h be m(3). Calculate j(h).
-8
Let d = 27 - 15. Suppose -8 - d = -5*k. Let z(t) = t**3 - 5*t**2 + 3*t. Determine z(k).
-4
Let t(w) = w**3 - 2*w**2 - 2*w + 3. Let k be -5*2/2 - -14. Let j(n) = n. Let x be j(2). Suppose -x*f - 3 = -k. What is t(f)?
6
Let k(d) = -d - 8. Let g be k(-10). Let n(r) = 4*r + 7 - r - 3 - g. Determine n(-4).
-10
Let k(j) = 36*j**2 + 8*j - 23 + 19 - 35*j**2. Calculate k(-7).
-11
Let s(z) be the second derivative of 3*z**4/4 - z**3/6 - z**2/2 - 48*z. Calculate s(2).
33
Let v(t) be the third derivative of -t**6/120 - t**5/20 + 5*t**4/12 + t**3/6 - 86*t**2. Calculate v(-5).
1
Let t(v) = -5141 - 12*v + 2*v**2 + 5151 - 8*v + 6*v. Give t(9).
46
Let i = 199 + -198. Let x(t) be the first derivative of t**2/2 + t + 7. Determine x(i).
2
Suppose -1 + 16 = 3*a. Let h(i) = -5*i**2 + 10*i + 3. Let q(y) = -6*y**2 + 11*y + 4. Let o(p) = a*h(p) - 4*q(p). Give o(4).
7
Let x(p) = -7*p**3 + 6*p**2 - 19*p + 4. Let s(r) = -19*r**3 + 17*r**2 - 52*r + 11. Let k(d) = -3*s(d) + 8*x(d). What is k(3)?
11
Let x(k) = -k**3 - 3*k**2 + 3*k - 10. Let c(r) = r**2 - r + 1. Let i(y) = -4*c(y) - x(y). Let v = 316 - 316. Give i(v).
6
Let a be ((104/(-12))/2)/(2/(-6)). Let q(f) = -a*f**2 + 2 + 6*f**2 + f**2 + 7*f**2. Give q(-3).
11
Let w(q) = -q**2 + 7*q - 3. Let j be ((-267)/9 - 1) + 2/(-6). Let p = j + 36. Determine w(p).
7
Let u(m) = 477*m**3 - m + 2 - 251*m**3 - 248*m**3. Determine u(1).
-21
Let z(c) be the third derivative of c**8/6720 - c**7/504 + c**6/720 - c**5/20 + 11*c**4/24 + 8*c**2. Let p(u) be the second derivative of z(u). Give p(5).
-1
Let b(h) be the third derivative of h**5/30 + 2*h**4/3 - h**3/2 + h**2 - 6*h. Give b(-7).
-17
Let m(d) = -5*d**2 - 5*d + 2. Let t(r) = 9*r**2 + 10*r - 5. Suppose 15 = -9*f - 21. Let c(s) = f*t(s) - 7*m(s). What is c(-6)?
0
Let p(x) = x**3 - 6*x**2 + 5*x + 1. Suppose 4*d = 8, -2*d + 7*d - 18 = -2*s. Determine p(s).
-11
Let z(g) be the third derivative of -g**4/12 + 3*g**2. Let k(h) = h + 13. Let w be k(-5). What is z(w)?
-16
Let k be 1 + (-30 - -6)/8. Let l(g) = -2*g**2 + 4*g + 3. Determine l(k).
-13
Suppose -2*b + 5*b = -9. Let a = -8 - b. Let z(o) = -o**3 - 9*o**2 - o - 7. Let w(g) = -2*g**3 - 17*g**2 - 3*g - 13. Let l(v) = 3*w(v) - 5*z(v). Determine l(a).
-9
Let z(g) be the first derivative of -g**3/3 + 4*g**2 - 6*g + 1. Suppose 1733 = -59*b + 2205. Calculate z(b).
-6
Let p be ((-6)/9)/(6/27). Let u be (p/9)/(5/(-135)). Suppose u + 0 = -3*b. Let m(i) = -i**2 + i - 3. Determine m(b).
-15
Let k(w) = 2*w + 1. Let p be (4*3/(-15))/(24/(-60)). Calculate k(p).
5
Let v(c) = -c**2 - 13*c - 16. Let w(t) = -4*t**2 - 4*t + 12. Let x be w(2). Calculate v(x).
-4
Let r = 382 + -381. Let n(l) be the first derivative of l**4/12 - l**3/3 + l**2/2 - l - 1. Let w(s) be the first derivative of n(s). Give w(r).
0
Let b(g) be the first derivative of -1/4*g**4 + 28 + 0*g - 2*g**3 + 0*g**2. Give b(-6).
0
Let o(d) = 180*d + 320. Let t(g) = 8*g + 14. Let j(z) = -6*o(z) + 136*t(z). Determine j(3).
8
Let x(t) be the second derivative of -t**3/6 + t. Let q = 1642 + -1636. Give x(q).
-6
Let m(y) be the third derivative of -1/3*y**3 - 1/60*y**5 + 1/120*y**6 + 0 + 0*y - 1/24*y**4 - 34*y**2. Give m(0).
-2
Let d(j) be the first derivative of j**4/4 - j**2/2 - j + 114. What is d(-2)?
-7
Let p(m) = -31*m - 14. Let r(g) = 9*g + 4. Let q(a) = -2*p(a) - 7*r(a). Calculate q(-3).
3
Let i(g) = -g**2 + 6*g - 2. Suppose -5*l = -0 + 5. Let f be l + (-1 - 0) + 6. Determine i(f).
6
Let u(g) be the second derivative of -g**4/12 + 3*g**3/2 - 2*g**2 + 143*g. Let a = -6 - -15. Give u(a).
-4
Let n be (1*6)/(((-99)/(-12))/(-11)). Let j(y) = y**3 + 10*y**2 + 10*y - 9. Determine j(n).
39
Let k(a) = a**2 + a**3 - 11*a**3 + 9*a**3 - 3 + 3*a. Let i be 14/6 - 4/(-6). Determ